derivative of f(k). Give o(-6).
5
Let n(s) be the third derivative of 0*s - 20*s**2 + 0 + 1/3*s**3 - 1/6*s**4 + 1/15*s**5 - 1/120*s**6. Give n(4).
-14
Suppose -x = 1, 2*s = 2*x - 0*x + 6. Let h(w) = s*w - 3 - 7 + 21 - 6. Determine h(6).
17
Let f(z) = 0*z + 3*z + 15 - 16 - 4*z. Let s = 13 + -4. Suppose -r - g - 2*g - 6 = 0, -2*r - 3*g = s. What is f(r)?
2
Let f(s) = s - 4. Suppose -8*i + 82 = -118. Suppose 3*o + 4*j - i = 0, -5*o + 5*j - 3 = -33. Calculate f(o).
3
Let o(l) = 9*l - 29. Let p be o(3). Let n = 8 - -6. Let f(d) = d**2 - n + 4 + 3*d + 12. Give f(p).
0
Let y(o) = -4*o**2 - 2*o**2 - 4*o**2 + 10*o**2 - o**2 - 10*o + 10. Give y(-11).
-1
Let j(s) be the first derivative of -3*s**2/2 + s - 126. Give j(3).
-8
Let o = -255 + 257. Let b(m) be the third derivative of 0 - 1/24*m**4 - 3*m**o + 0*m - 1/2*m**3. Calculate b(3).
-6
Let z be (-1)/((3 + -5)/2). Let f be (1/2)/((-6 - z)/28). Let t(y) = -2*y + 2. What is t(f)?
6
Let c(j) = j**2 - 2*j - 1. Suppose -5*h = 2*y - 8, -2*h + y = -6*h + 7. Let g be (h + -1)/(28/(-28)). Calculate c(g).
2
Let a = -56 + 51. Let c(n) = -n - 4. Calculate c(a).
1
Suppose 5*o + 70 = -3*t, -4*o + 4*t = -4 + 60. Let m be 2/(-7) + (-32)/o. Let q(v) = -5*v**3 + 4*v**3 - 2*v + 11 + 2*v**m - 10. Calculate q(1).
0
Let s(n) be the second derivative of n**4/12 + n**3/2 - n**2/2 + 545*n. Let y = 2 - 7. Determine s(y).
9
Let h(y) = 3*y**2 - 62*y + 178*y + 3 - 122*y. Calculate h(5).
48
Let r(d) = d + d + 39 - 40 + 0*d - 3*d**2. What is r(1)?
-2
Let j(v) be the second derivative of v**4/6 - 5*v**3/6 - 3*v**2 - 2*v + 1. What is j(5)?
19
Let j(b) = 2*b**2 - 7*b - 2. Let l be j(0). Let w(c) = -9*c + 3. Let x(u) = 10*u - 4. Let r(z) = 4*w(z) + 3*x(z). Determine r(l).
12
Let w be 9/6*-1*(-14 - -4). Let b(m) = m - 1. Calculate b(w).
14
Let g(z) = -6*z - 3. Let p be g(-3). Suppose -2*f = -5*f + p. Suppose -f*r + 25 = -o + 1, 4*r = -4*o. Let n(d) = 2*d - 1. What is n(o)?
-9
Let z be -7 + 13 - (-1 + 16/4). Let x(i) = -i**3 + 4*i - 1. What is x(z)?
-16
Let n(r) = 11*r**2 + 13*r + 11. Let f(o) = -5*o**2 - 6*o - 5. Let j(s) = 13*f(s) + 6*n(s). Let t(x) = -2*x**2 + 5*x + 9. Let a(i) = -j(i) - t(i). What is a(7)?
4
Let p = 290 + -342. Let r = 51 + p. Let l(j) = -7*j**2 - 4 + 0*j - j + 3. Give l(r).
-7
Let g(m) = m + 5. Let z(t) = -t**3 - 5*t**2 - 6*t - 16. Let f(d) = -3*g(d) - z(d). What is f(-3)?
10
Let f(r) be the third derivative of -r**4/8 + r**3/6 + r**2. Let l = -51 + 53. Suppose 0 = -5*t - 5, 4*k + l*t - 6 = -0*k. Determine f(k).
-5
Let l(q) = -7 + 4*q**3 - 8*q - 9*q + 6 + 13*q - 3*q**3. Calculate l(4).
47
Let p(s) = -49*s - 71. Let j(l) = 11*l + 18. Let i(d) = 9*j(d) + 2*p(d). Calculate i(-18).
2
Let s(j) = 3*j**3 + 5*j**2 + 5*j - 3. Let v(c) = -7*c**3 - 8*c**2 - 11*c + 5. Let d(a) = -9*s(a) - 4*v(a). What is d(13)?
-6
Let w(k) be the second derivative of -k**3/6 + 2*k**2 + k. Let i be w(6). Let x(j) be the first derivative of -j**3/3 - 3*j**2/2 - 3*j + 364. Give x(i).
-1
Let j(r) = 11*r + 8. Let l(u) = 30*u + 23. Let w(a) = -8*j(a) + 3*l(a). Determine w(-3).
-1
Let v be (-24)/(-4) - (-16 - -17). Let h(w) = -w**2 + 3*w + 5. What is h(v)?
-5
Let u(t) = -t**3 - 2*t + 1. Suppose -13 = 3*l + 23. Let o be l/(-54) - (-50)/18. Suppose -2 - o = -5*w. Give u(w).
-2
Let m(h) be the second derivative of h**4/8 - h**3/6 - 12*h**2 - 22*h. Let a(v) be the first derivative of m(v). What is a(-1)?
-4
Let a(x) = -x. Let v(f) = 12*f - 8*f - 8*f + 3 - 11. Let d(p) = -2*a(p) + v(p). Suppose 3*t - 3*i + 10 + 5 = 0, 1 = -t + 5*i. What is d(t)?
4
Let d = 258 + -258. Let r(k) = -k**3 - 2*k + 4. Calculate r(d).
4
Suppose 8*k - 4*b + 68 - 12 = 0, -3*k = 3*b + 12. Let d(q) = q + 10 + q - 1. Determine d(k).
-3
Let z(j) = 40*j - 36. Let i(m) be the third derivative of m**4/24 - m**3/6 + 23*m**2. Let p(c) = 72*i(c) - 2*z(c). Determine p(-1).
8
Let g(s) = -s**2 - 4*s - 6. Let j(f) = -4*f + 2. Let a be j(1). Let m = 17 + -27. Let d be (m - -2) + 1 - a. Give g(d).
-11
Let l(q) = 3*q + 3. Let j be (-100)/15 - -3 - 3/9. Calculate l(j).
-9
Let f be (-102)/8 + (-846)/376. Let t(d) = 4*d + 49. Determine t(f).
-11
Let w(q) be the third derivative of 1/60*q**5 + 1/3*q**4 - 2/3*q**3 + 0 + 0*q + 7*q**2. What is w(-6)?
-16
Suppose y - 3*q + 1 = -6, -y - 4*q + 21 = 0. Suppose y*m = -3*v + 27, m + v + 4*v = 23. Let d(p) = 5*p + 4. Determine d(m).
19
Let a = -7 - -6. Let q(v) = 7*v - 1. Give q(a).
-8
Let m(z) be the first derivative of -21 - 3*z**2 + 3*z + 1/3*z**3. Determine m(5).
-2
Let x = -23 + 26. Let g(h) = -3 + 1 - 2 + 2*h + x*h**2 - 2*h**2. Calculate g(-5).
11
Let h(r) = 83*r + 979. Let g be h(-12). Let v(c) = c**2 + 14*c - 22. Calculate v(g).
29
Let t(i) = -i**3 + 2*i**2 - 2*i + 1. Let r = -48 + 58. Suppose -r*s = -2*s - 16. Determine t(s).
-3
Let q(l) = 13*l - 31*l + 25*l + 7 + 3*l**2. Let t(i) be the first derivative of -i**3/3 - i**2/2 + 1. Let n(a) = q(a) + 2*t(a). Calculate n(-5).
7
Let c = 26 - 28. Let u be (c + 1)*1 - -22. Suppose 16 = -t + u. Let v(z) = -2*z - 3. Determine v(t).
-13
Suppose -5*w = 8 + 12. Let o(z) = 3*z + 7. Let h(q) = q**2 - 11*q + 25. Let m be h(5). Let x(t) = -4*t - 8. Let p(j) = m*o(j) + w*x(j). Determine p(7).
4
Let x(c) be the second derivative of 4*c + 0 - 1/12*c**4 - 1/2*c**3 + 7/2*c**2. Calculate x(-5).
-3
Let q(i) = -2*i**3 - i**2 - i + 1. Suppose 0 = 2*k - k + 22. Let y = -5 + 28. Let w = y + k. Give q(w).
-3
Let f(n) = 2*n**3 + n**2 - n. Suppose 0*j + 60 = -4*j. Let q = 13 + j. Determine f(q).
-10
Let m(f) = 4*f**2 + 9*f - 8. Let s be m(7). Let p(a) = 7 + s*a**3 - 8*a + 4 + 9*a**2 + 0*a**2 - 252*a**3. What is p(8)?
11
Let h(b) = 3*b + 7. Let z(g) = -39*g - 93. Let n(i) = -27*h(i) - 2*z(i). Let t(d) = 2*d + 7 - 6 - 3*d + 6. Let f be t(9). Give n(f).
3
Suppose 5*y = -3*q + 53, 3*q - 57 = -5*y + 2*y. Let x(m) = -2*m + 49. Give x(q).
7
Let k(o) = 2 - 9031*o + 9038*o + 0*o**3 + o**3 + 0*o**3 + 7*o**2. Let a be (-2)/(-7) + (-37)/7. What is k(a)?
17
Let l(v) = v**2 - 9*v + 12. Let q be l(8). Let a = -3 + q. Let m(k) = -a + 4*k**2 + k**3 - 2*k**2 + 2*k - 6*k**2 - 3. Calculate m(3).
-7
Let w(p) be the first derivative of p**3 + p**2 - p + 2. Let l(k) = -k**2 - 10*k + 94. Let y be l(6). Calculate w(y).
7
Let j(o) = 2*o + 4. Let n be j(0). Let a(v) = 3 - 2 + 7*v - 4*v - 2*v. Determine a(n).
5
Let y(c) = 839*c - 32*c**3 - 5*c**2 + 33*c**3 + 5 - 845*c. Suppose 0 = -2*p - f + 7, 5*p + 4*f + 8 = 3*p. Give y(p).
5
Let h(i) = 2*i**2 - 3*i + 5. Let y = -578 + 582. Determine h(y).
25
Suppose 5*s + 4*r = 75, -12*s + 2*r - 65 = -17*s. Let a(v) = -v**3 + 11*v**2 - v + 11. What is a(s)?
0
Let o(l) = -l**2 + 2*l + 5. Let s = 11 + -7. Suppose 5*c = 14 - s. Let f be (-1)/(-3)*30/c. Determine o(f).
-10
Let h(x) be the second derivative of x**5/20 - 5*x**4/12 + x**3/6 + 3*x**2/2 + 56*x. Calculate h(4).
-9
Let n(a) be the second derivative of 1/6*a**3 + 0*a**2 + 19*a + 0. Determine n(-4).
-4
Let y be (12/8)/(-3)*-12. Let t = 16 - y. Let r(g) = -9 + 6*g + t + g - g**2. What is r(5)?
11
Let r(w) = -3*w - 11. Suppose 0 = 3*g + 16*g + 266. Calculate r(g).
31
Suppose 0 = f - 1, 4 = q + f - 2. Let s(g) = g**2 - 5*g. Determine s(q).
0
Let s(a) = a**2 - a. Let x be ((-143)/(-44))/((-1)/(-24)) + 1. Let n = -75 + x. What is s(n)?
12
Suppose u = -0*u - 1. Let r be u/((-1)/7*1). Let z(t) = t**2 - 8*t + 1. Calculate z(r).
-6
Let i be 2 + 0 + (0 - -2). Let g be (-24)/(-10) - i/10. Let z(y) = y**3 + 3 - 7*y**2 + 3*y**g - 3 - 4 + 2*y. Calculate z(4).
4
Suppose -c + 3*w = -13, 24 = 9*c - 7*c - 4*w. Let t(x) = -x**2 + 8*x + 9. Calculate t(c).
-11
Let q(o) = o**2 + 8*o + 12. Let u be q(-8). Let n = 11 - u. Let l(w) = -7*w**2. Give l(n).
-7
Let w(m) = -7 + 1 + 2 - 4*m - 7 + 2*m. Give w(11).
-33
Let u = -15 + 39. Suppose -2*j - 4*j = u. Let k(y) = -4*y - 5. Calculate k(j).
11
Let r(s) = -s**3 - 5*s**2 + 4*s - 6. Suppose 21 - 15 = 6*l. Let y = 3 + 0. Let u be 1 - (y + 3 + l). What is r(u)?
6
Let b(f) = f**2 - 4. Suppose 19*x = 14*x + 45. Suppose 3*w - 2*k - x = 0, 3*w - 8*w + 15 = 3*k. Calculate b(w).
5
Let u(h) = 5*h + 2. Let k = 327 - 323. Calculate u(k).
22
Let x(c) = 0 - 13*c - 3 + c**2 - 2*c**2 - 8. Give x(-10).
19
Let t(g) = -g**2 - 3. Let u = -8 + 10. Let j(v) = 2*v**2 - 2*v - 4. Let x(h) = -h**2 + h + 2. Let s(q) = -4*j(q) - 7*x(q). Let k be s(u). What is t(k)?
-3
Let w(d